d*r(l) - f(l). Give k(c).
6
Suppose -g + 1 + 8 = 0. Suppose n - g = -2*n. Let j(m) = -5*m + m**3 + m**2 - 3*m**2 + 0*m**2 + 3. Determine j(n).
-3
Let g = 7 + -6. Let q be (1 + g*-5)/1. Let t(h) = h**2 + 4*h - 4. Give t(q).
-4
Let y(f) be the first derivative of -f**3 + f**2 + 2*f + 4. Give y(-2).
-14
Let t(x) be the third derivative of -2*x**2 + 0 + 0*x + 1/8*x**4 + 1/120*x**6 - 1/60*x**5 - 1/2*x**3. Determine t(2).
7
Let y(w) = 7*w**3 - 8*w**2 - w + 1. Let c(o) = -4*o**3 + 4*o**2 + o - 1. Let p(b) = 5*c(b) + 3*y(b). Give p(4).
6
Let u(t) = -t**2 - 1. Let q(p) = -p**3 - 3*p**2 + p - 3. Let m(y) = q(y) + u(y). Let w be (3 - 0) + (-6 - 1). Determine m(w).
-8
Let i(p) be the first derivative of 2*p**3/3 - p**2 + 7. Calculate i(2).
4
Let d be (4/(-5))/((-10)/75). Let b(w) = 5*w**2 - 3*w**2 - 3*w**2 - 3 + d*w. What is b(3)?
6
Let w(s) = s**2 - 3*s + 4. Let q(v) = -v + 1. Let d(z) = 6*q(z) - 2*w(z). Calculate d(2).
-10
Let d(p) = -p**2 - p - 6. Let a(f) = -f**3 + f**2 + 4*f - 1. Let i be a(3). Let s = i - -7. Determine d(s).
-6
Let l(b) = -2*b**3 - 4*b**2 + 3*b - 3. Let p(d) = 3*d**3 + 7*d**2 - 5*d + 7. Let i be 0 + 1/((-3)/(-15)). Let k(t) = i*l(t) + 3*p(t). What is k(0)?
6
Let t(k) = k**3 + 6*k**2 + k + 5. Let a = 0 - -1. Let r = a + -1. Suppose -w = -3*x, -3*w - 5*x - 25 - 3 = r. What is t(w)?
-1
Suppose 4*w - 2*w + 3*d = -11, 4*w = -4*d - 12. Let t(g) be the first derivative of 7*g - 2*g + g**w + 2 + 0. What is t(-4)?
-3
Let p(a) = 8*a**3 - 2*a**2 - 2*a - 1. Suppose -r = -3*r - 3*o + 37, -4*r + 49 = o. Let s = 10 - r. Calculate p(s).
-9
Let k(w) = -9*w + 9*w - 2*w - 1 + 3. Determine k(2).
-2
Suppose -12 = 3*j - 0, 2*f + 4*j + 14 = 0. Let x(g) = f + 4*g + 6 - 7. Let z(a) = a - 7. Let y be z(4). Determine x(y).
-12
Suppose -2*m = -6 - 2. Let b(o) = 6*o**3 + 25*o**2 - 5*o - 21. Let d(p) = -p**3 - 5*p**2 + p + 4. Let z(v) = 2*b(v) + 11*d(v). Determine z(m).
-10
Suppose -o + 4 = -v + 12, 0 = -5*o - 5*v - 10. Let i(q) = -5*q + 14. Let t(m) = 6*m - 15. Let k(z) = o*i(z) - 4*t(z). Determine k(6).
-4
Suppose 0 = -4*t - u + 3, 33 = -t + 5*t - 5*u. Let l(x) = -3*x + 0*x - 2*x - 1 - x**2 + 0*x**t. Let y = -6 - -2. Give l(y).
3
Let s(x) = 5*x - 1. Suppose 3*w - 6 + 0 = 0. Let u(i) = -24*i + 6. Let p(b) = w*u(b) + 11*s(b). Let h = 42 - 43. What is p(h)?
-6
Suppose 0 = -3*u - 5*m + 5, 4*u + 0*u - 28 = 4*m. Let s be ((-5)/3)/(u/15). Let v(i) = i**3 + 5*i**2 - 2*i - 1. Calculate v(s).
9
Let l = 0 + 4. Let n = l - 2. Let j(a) = -6*a**3 + 2*a**2 - a + 2*a**3 - n*a**2 - 2*a**2. Give j(-1).
3
Let b(j) = 2*j - 1. Let y = 1 - 55. Let t = -35 - y. Suppose 0 = 2*x - 7*x + a + t, 25 = 3*x - 4*a. What is b(x)?
5
Let i(k) = k**3 - 3*k**2 + 2*k. Let c(h) = h + 2 + h**3 - 1 - 2*h**2 + 0*h**2. Let v(z) = 2*c(z) - 3*i(z). Give v(4).
2
Let f(c) = 3*c**2 - c - 5. Let n(u) = 5*u**2 - u - 7. Let g(v) = -8*f(v) + 5*n(v). Let q = -15 - -11. What is g(q)?
9
Let p(g) = 5*g**3 - 9*g**2 - 7*g - 2. Let q(o) = 14*o**3 - 26*o**2 - 21*o - 5. Suppose 2*l + 2 = 24. Let w(s) = l*p(s) - 4*q(s). Calculate w(6).
4
Suppose -9*u + 14 = -13. Let c(w) = -w**2 + 3*w - 3. Let d(j) = -5*j**2 + 14*j - 15. Let b(l) = 11*c(l) - 2*d(l). Calculate b(u).
3
Let h(n) = n**2 + 3. Let q(y) = 6*y**2 - y + 16. Let s(c) = 11*h(c) - 2*q(c). Suppose 0*t + 9*t = -9. Give s(t).
-2
Suppose 0*q + 1 = q. Let d(l) be the third derivative of l**4/6 + l**3/6 + l**2. Give d(q).
5
Let t = -5 + 5. Let l(w) = t*w - 1 - 2*w + 5*w. What is l(1)?
2
Let v(b) = -3*b + 3 + b**2 + 4*b**2 - 3*b**2. Let i be (2 - 3) + 1 - (38 + -40). Calculate v(i).
5
Let p(l) be the first derivative of l + 1/3*l**4 - 5/2*l**2 - 1/20*l**5 + 2/3*l**3 + 1. Let t(u) be the first derivative of p(u). Determine t(4).
11
Let d(y) = -y**2 + 4*y - 5. Suppose -23 + 5 = -3*q. Suppose 5*r = q*r. Suppose -5*v + 20 = -p, r*p = -2*p + 2*v. Give d(p).
-10
Let b(f) = 2*f**2 + 4*f + 2. Let n be b(-2). Let w be (-1)/(n/(0 + -6)). Let h(s) = 0 + 0*s - 2*s + w + s. Determine h(-5).
8
Let m(k) = -3*k**2 + 8*k - 10. Let n(y) = 2*y**2 - 7*y + 9. Let h(q) = -3*m(q) - 4*n(q). Determine h(-6).
6
Let a be (-13)/(-4) + 2/(-8). Suppose -30 + 12 = -a*k. Suppose 1 - k = n. Let m(v) = v**3 + 5*v**2. Determine m(n).
0
Let p(n) = n**2 - 8*n + 8. Suppose 4*a = 3*a + 6. What is p(a)?
-4
Let s(n) = -2*n**2 + 3*n + 3. Let f = -5 - -1. Let o(m) = 2*m**2 + 5*m. Let w be o(f). Suppose -5*q + w = -3. Determine s(q).
-6
Let k(r) = -4*r - 4. Let x(p) = -5*p - 5. Let d(v) = 3*k(v) - 2*x(v). Calculate d(-4).
6
Let k be (-9)/(-5) - (-2)/10. Let n(f) = f - 2. Let w be n(k). Let s(a) be the third derivative of a**5/60 + a**3/2 - 34*a**2. What is s(w)?
3
Let z(g) be the first derivative of g**4/4 - g**3 + 2*g**2 - 2*g - 139. Let p = -3 + 6. Determine z(p).
10
Let a(t) = t**2 + t + 1. Suppose 6 = 13*r - 16*r. What is a(r)?
3
Let n(f) be the first derivative of f**3 + f**2 - 9. Let k be (-4)/(-6)*(-12)/4. Determine n(k).
8
Suppose -u = -8 + 4. Let b(d) = 1 + 4 + 3*d - u*d + d**3 + 0*d. Suppose 0 = 4*y - 11 - 5, -3*x = -3*y + 12. Determine b(x).
5
Let m(a) be the first derivative of -1/4*a**4 - 9/2*a**2 - 3*a**3 - 4*a + 2. Let x be m(-8). Let h(y) = 2*y - 2. Calculate h(x).
6
Let v(n) be the third derivative of 0*n + 1/2*n**3 + 0 + 9*n**2 - 1/60*n**5 + 1/6*n**4. Let i(k) = -k**2 - 4*k + 5. Let x be i(-4). Determine v(x).
-2
Let p(n) be the second derivative of -n**5/20 + n**4/6 + n**3/3 + 3*n. Suppose -w = -5*w + 4*c, 5*w - 2*c = 9. Give p(w).
-3
Let y(f) = 3*f - 1. Suppose 3*x - 9 = 2*x. Let q be 2/8 - x/4. Give y(q).
-7
Let g(n) = 82*n - 29*n - 19*n + 2 - 28*n. Calculate g(2).
14
Let k(d) = d**2 + 4*d - 5. Let r(j) = -j**2 - j. Let m be r(-3). Calculate k(m).
7
Let o(v) = -v**2 - 13*v - 14. Let w be o(-10). Let u be ((-10)/8)/((-4)/w). Suppose u*r - 15 = 5. Let c(m) = -m**3 + 5*m**2 - 2*m + 2. Determine c(r).
10
Let l(d) be the second derivative of -d**4/12 - d**3/3 + d. Let f(a) = a - 7. Let n be f(5). Calculate l(n).
0
Let w(l) = -l - 2. Suppose -4*s + 2 = -22. Suppose z + 0*z = -s. Determine w(z).
4
Let d(i) be the second derivative of i**3/6 - i**2/2 + 15*i. What is d(1)?
0
Let p(i) = 37*i**3 - 2*i - 1. Suppose -c = -3*c - 2. Let k be p(c). Let f be 2/4 - k/(-8). Let m(b) = -b. What is m(f)?
4
Let u(h) be the third derivative of -h**4/24 + h**3/3 + h**2 - 28. Determine u(0).
2
Let q(f) be the third derivative of f**8/2520 + f**5/10 - 10*f**2. Let z(o) be the third derivative of q(o). Determine z(-1).
8
Let p(x) = -x - 14. Let m(f) = 2. Suppose 4*c + 5*o = -3, -5*c + 2*o - 21 + 9 = 0. Let d(a) = c*p(a) - 10*m(a). Give d(-7).
-6
Let d(w) = 5*w - 7 + 3*w - 9*w. Let n be d(-6). Let h(i) = -14*i + 3. Let q(x) = -x + 1. Let j(p) = h(p) - 4*q(p). Determine j(n).
9
Let k(h) be the third derivative of -h**5/60 + h**3/3 - 8*h**2. Let l be (6/(-4))/((-3)/(-4)). Let t = -5 - l. What is k(t)?
-7
Let l(a) = 3*a + 1. Let n be ((-3)/1 + -1)/(-1). Suppose 5*m = -20, 2*d = -2*d + n*m + 12. Calculate l(d).
-2
Suppose 2 = -2*o - 4. Let z be (-3 + 4)*o - 1. Let y(q) = -9*q + 3. Let l(h) = -13*h + 4. Let x(v) = 5*l(v) - 7*y(v). Give x(z).
7
Let u = 28 - 23. Let j(z) = -z**3 + 4*z**2 + 7*z - 3. Give j(u).
7
Let f(g) be the second derivative of g**3/6 - 3*g**2/2 - g + 9. Determine f(8).
5
Let c = -19 + 23. Suppose -2*k + 3*k = -c. Let n(j) = j - 1. Give n(k).
-5
Let v(a) = 2*a - 4. Let i(g) = -g + 9. Let d be i(6). Let q be v(d). Let c(m) = -2*m. What is c(q)?
-4
Let r(w) = -3*w + 6. Let g = 87 + -81. Calculate r(g).
-12
Let x(b) = -2*b - 2. Let r(v) = v**2. Let l be r(-1). Let o(k) = -k**2 + k + 1. Let h(z) = l*x(z) + 3*o(z). Determine h(2).
-9
Let k(q) = 2*q + 6. Suppose 5*n - 7 = 18. Give k(n).
16
Let x(h) be the third derivative of -h**7/1260 - h**6/90 + h**5/30 - h**2. Let c(a) be the third derivative of x(a). Give c(-6).
16
Let t(a) = -a**3 - 7*a**2 - 8*a. Let k(h) = -h**2 - 2*h + 9. Let d be k(-5). Determine t(d).
12
Let i = 30 - 26. Let x(g) = 5*g**2 - 2*g - 9*g**2 + g**3 + 6*g**2 + i. What is x(-3)?
1
Let x be (-133)/(-28) - 1/(-4). Suppose -q = -x - 1. Let r(t) = -t**3 + 6*t**2 - t + 2. What is r(q)?
-4
Let d(m) be the first derivative of m**2/2 + 6*m - 1. Let z(g) = g - 2. Suppose 4*l = -n + 9, 4 = -2*l - 3*n + 11. Let f be z(l). What is d(f)?
6
Let v(r) be the second derivative of 3*r**4/4 - r**3/6 + r. Deter